(4 + 0))) + (14 - 9)?
-5
What is the value of (-10 - -39) + -12 + 11 + -9?
19
What is the value of (-25 - (33 - 51)) + -18?
-25
-33 + (-14 - (-10 - 17))
-20
Evaluate 47 + (-13 - 23) + 28.
39
Evaluate (16 - (-1 - (-4 + -4))) + 31 + -9.
31
-52 + 55 + (-1 - (2 - 1))
1
What is the value of (2 + -1 - -1) + (120 - 130)?
-8
What is the value of 0 - -1 - -9 - (-138 - -119)?
29
Calculate 3 + -8 + -1 + 8 + -11.
-9
Calculate (-3 - 10) + -5 + 16.
-2
Evaluate -4 + 25 + (-433 - -426).
14
What is (8 - (-25 + 16 + -6)) + -1?
22
(18 - 23) + 1 + -3
-7
What is 16 + -10 + 8 - 6 - 2?
6
What is -682 + 745 - (43 + 3)?
17
-4 - ((-21 - (-6 + 18)) + 19)
10
-21 - (23 + -8 - 22)
-14
5 + (-2 - (7 - (11 - 4)))
3
What is the value of 9 - (-40 + (40 - -8) - (0 - -12))?
13
Evaluate 29 + 0 + (11 - (20 + (-5 - 0))).
25
Calculate -11 + 13 + 14 + -4.
12
What is the value of (-5 - -6) + (15 - (34 - -5))?
-23
3 - (-2 + (8 - 6))
3
(617 - 607) + -1 + (0 - 10)
-1
What is the value of -8 + (-30 - -23) + (17 - -2)?
4
Calculate -3 + -1 - (-309 + 319).
-14
What is 9 - (-30 - -38) - (-18 + 0) - 10?
9
3 - (-2 + 11) - (16 + -24 + -13)
15
Evaluate (32 - (22 - -13)) + 2 + 2.
1
What is the value of -6 + 0 + -1 + 31 + 234 + -238?
20
What is 14 + -4 + -29 - -4?
-15
What is the value of -5 + (6 - (-3 - (-12 + 8)))?
0
What is 2 - -3 - -1 - (8 + 8 - 7)?
-3
Calculate (20 - 21) + (6 - 3 - -5).
7
What is -5 + -6 + 0 + (0 - (-8 - -7))?
-10
Evaluate -2 + 15 + -45 + 35 + 1.
4
What is (11 - (-6 - (-9 - 7))) + (3 - -3)?
7
Calculate -15 + 7 + 11 + 5.
8
What is 2 + 2 + 43 + -47?
0
(21 - 49) + 41 + (0 - 8)
5
Calculate -5 + 8 + (25 + -25 - -9).
12
What is the value of 1 + -11 - -2 - (-4 + (6 - 4))?
-6
What is 9 + (-5 - (-1 - 5)) - (-1 + -5)?
16
What is the value of (4 - (-1 + 8) - -4) + (218 - 222)?
-3
What is 4 + (0 - 6 - -6 - 0) + -22?
-18
Calculate (15 - 12 - -19) + -11.
11
What is -186 + 189 + (-10 - (2 - 0 - 4))?
-5
-7 - (12 + 25 + -44)
0
What is the value of (2 + 14 + -1 - 6) + 28?
37
(-11 + 6 - -42) + -8 - 10
19
1 + 31 + -495 + 471
8
Calculate -13 + -5 + (9 + -8 - 1).
-18
Calculate 8 - ((-6 - -11) + 8 - (-1 - -6)).
0
(-2 - -5 - 2) + (8 - (-1 - 0))
10
What is the value of 1 + 15 - (-21 + 12 + 9)?
16
What is (-16 - (-4 - (-11 + 2))) + -3 - -5?
-19
2 - 3 - (11 + 2)
-14
What is the value of 2 + (2 - 3) + (41 - 60 - -2)?
-16
What is (216 - 217) + -26 + -1 + 6?
-22
18 + (9 - 5) + 4 + (-6 - -4)
24
What is 2 + 7 - (11 - 0 - 12)?
10
Evaluate 4 + -16 + 7 - (-14 + 1).
8
Evaluate -13 - (4 + 35 - 29).
-23
What is the value of -18 + 14 + (6 - -2)?
4
10 + (-4 + -5 + 2 - -7)
10
-6 + 4 + (-7 - 4) + 10
-3
Calculate (-17 - -21 - 19) + -3 + 27.
9
What is the value of -3 - (-5 - (6 + (1 - (11 - 3))))?
1
What is (0 - (2 - 3)) + 7 - 13?
-5
-6 + 0 + 11 - (17 + (-3 - -1))
-10
1 + 9 + -4 + (4 - 0 - 14)
-4
Calculate (20 - (19 + -8)) + -1.
8
Evaluate -17 - -2 - -12 - -6.
3
1 + -5 + -3 - 2
-9
What is -9 + (1 - 6) + 6 + 5?
-3
6 + (-1 - 13) - (13 - 26)
5
What is -20 + 31 + -9 - -8?
10
What is the value of (-3 - -1 - (15 + -11)) + -3?
-9
Calculate 14 + 11 - (13 + 1).
11
(3 - 0 - 8) + 11 + -11
-5
-18 - (-9 + -20 + 21)
-10
What is -7 - (5 - 2 - (2 + (12 - -4)))?
8
Evaluate -18 + (-32 - 16 - -95).
29
What is the value of 25 - ((2 - -4) + 9)?
10
Evaluate -10 - (12 - 13 - 4).
-5
Calculate 12 + (-12 - -5) + -11.
-6
What is -7 + -2 + 30 + (-22 - -24) + -11?
12
Calculate 104 + -123 + (0 - -6 - (2 - 2)).
-13
What is the value of (-5 - (23 - 50)) + -18?
4
2 + 0 - (1 + -1) - -6
8
Evaluate (20 - (28 + -3)) + 10.
5
-12 - (4 - (-12 + -4 + 11))
-21
What is (3 - 1) + (26 - -13 - 27)?
14
Calculate -118 + 103 + 0 + 20.
5
What is -144 + 135 - (-2 + 14)?
-21
Evaluate -13 - (-3 + -17 + 21).
-14
What is the value of 4 - (40 - 19) - -18?
1
Evaluate (-4 - -12) + -15 + -2 + 1.
-8
Evaluate (-29 - -1) + (11 - -8).
-9
Evaluate (1 + 0 - 15) + 7.
-7
Calculate -17 + (-20 + 12 - -33).
8
What is the value of -9 + (0 - 5 - 6 - -15)?
-5
Evaluate -4 + 13 + -42 - -15.
-18
-1 + (3 - (3 - -8)) - 6
-15
Evaluate (13 - 2) + -82 + 66.
-5
What is the value of 5 + -4 + -1 - (-24 - -3 - -10)?
11
What is the value of -19 + 40 - (-12 - -6 - -13)?
14
What is the value of (-1 - (0 - -4)) + -12 + 8 - -4?
-5
Calculate (-1 - 1 - (-3 - 0)) + 6 + -18.
-11
Evaluate 5 + (2 - 6 - 7 - 7).
-13
What is 21 - (-22 + (47 - 11))?
7
Evaluate (-37 - 3) + 23 - (7 + -1).
-23
Evaluate (1 + 0 - 3) + 22 + -27.
-7
4 - (21 - ((1 - 0) + 7 + 0))
-9
What is the value of -1 + 34 + (-460 - -455)?
28
Calculate 15 + -24 + 14 - 1.
4
-9 + (-26 - -9) + 8 - -6
-12
Evaluate (19 - 9) + 7 - 24.
-7
What is -364 + 357 - (-2 + 7 + -1)?
-11
What is the value of (-5 - -6 - 2) + -4 + -3?
-8
6 - (11 - 29 - -9)
15
What is (-2 - (-48 - -41)) + 1?
6
Calculate 4 - (-2 - (-10 + 6)).
2
-51 + (26 - 41 - -54)
-12
-4 - (2 + 6 + (7 - 5) + -8)
-6
Calculate 5 + 54 + -27 + -10.
22
Calculate 7 + 0 + (0 + -77 - -25) + 22.
-23
What is the value of (24 - 36) + -4 + (1 - -3) + 0?
-12
(-10 + (-2 - -9) - -4) + 4 + -23
-18
(-3 - -13) + 3 - 2
11
What is (-6 - (-32 - -6)) + 4 + (-8 - -2)?
18
What is 18 + -40 + (-9 - -13)?
-18
Calculate (-1 - -16) + (324 - 322) - -18.
35
Calculate (8 + -2 + -4 - -5) + (-1 - 3).
3
Evaluate (1 + -5 - 0 - -4) + 15 + -5.
10
What is 4 + -1 - ((13 - 40) + 35)?
-5
Calculate 10 + (-29 - -2) + 12 + -13.
-18
What is the value of 18 + -13 + (0 - (6 - 3) - 4)?
-2
What is the value of 15 + (-9 - -25 - 29)?
2
What is 426 - 434 - (1 + -10)?
1
Evaluate 5 + (-21 - -8) + (9 - 0).
1
What is 356 + -329 + -23 + 4?
8
What is -416 + 427 + -23 + 1?
-11
-1 + -14 + 12 + 5
2
What is the value of 12 - ((-28 - 2) + 12) - 16?
14
What is the value of -8 + 5 - (-11 + -1 + 7 - 13)?
15
Evaluate -8 - (3 + 3 + 12 + 10).
-36
What is the value of -15 - -1 - (-6 - (22 - 15))?
-1
What is -16 + 15 + (3 - (4 + -5))?
3
Calculate (3 - -1) + (-5 - (8 + 0)) + 3.
-6
Calculate (4 - 4) + -1 + 1 + -4 - -3.
-1
Calculate 21 + (21 - 40) - (2 + -1).
1
What is -3 + (-14 - -26 - 15) + -5 + 1?
-10
What is the value of 19 + -28 + -1 + 12 + -4 + -15?
-17
Calculate -44 - (17 + 6 + -19) - -14.
-34
Calculate -2 + (-6 - (8 - 13) - -8).
5
Calculate (8 - (7 - 4)) + 4 - 24.
-15
Evaluate 22 + 0 + -20 - ((2 - 3) + 3).
0
-19 + 13 + (-19 - -16)
-9
Evaluate -7 + (13 - -2) + -2.
6
Calculate 7 + -4 + -5 + -9.
-11
Evaluate (2 - 44 - 0) + (4 - -17) + -11.
-32
What is the value of 2 - ((-5 - 6) + -13 + 8 + -22)?
40
Evaluate -9 - ((3 - -2) + -7 + 1).
-8
Calculate 1 + -10 - (15 - 8 - 25).
9
What is the value of 0 - 4 - (52 + -54) - -8?
6
-2 + -11 + 32 + -33 - -6
-8
What is 4 - (45 + (24 - 46))?
-19
What is -15 - -28 - 19 - (-1 + 1)?
-6
Evaluate 4651 + -4639 - (-4 + (1 - -1) + 9).
5
Evaluate 5 + -11 - (-1 + 6 - 10).
-1
Evaluate -2 + -2 - (-10 - (-6 - (-3 - -5))).
-2
-2 + (9 + 0 - (-3 - (10 - 18)))
2
Evaluate -9 - (0 + (-21 - 0) + 11).
1
What is the value of 10 + 1 + -21 + 19 - -3?
12
Evaluate 11 - 1 - (73 - 56).
-7
Evaluate -11 + -2 + 0 + 5 + (-11 - -8).
-11
What is the value of -5 + (12 - (15 + -8)) + -6?
-6
Calculate (-16 + 6 - (-9 + 0)) + 9 + -1.
7
-6 - (0 + -11 + -161 + 157)
9
What is the value of (22 - (-2 - -33)) + (-2 - -4)?
-7
6 + 0 + ((-3 - 0) + 5 - 18)
-10
What is 11 - 11 - (-5 - -5 - 27) - -2?
29
Evaluate (-26 - (-2 - 1) - -4) + 9 + -3.
-13
What is the value of 24 - ((-6 - -17) + 19)?
-6
What is -6 + (-349 - -341 - (1 + 6))?
-21
Calculate -2 + (20 - -6) - 46.
-22
Calculate (-14 - -9) + (16 - 1) - 6.
4
What is the value of 3 + (3 - 3) - (34 - 22 - 13)?
4
Calculate -11 + 5 + 19 + -10.
3
Evaluate -9 + 17 + 1 + (-70 - -74).
13
What is the value of 21 - (0 - ((-23 - -1) + 19))?
18
What is -72 + 68 - (-33 - -9)?
20
-55 - (-62 - -17) - (-12 + -1)
3
-31 + 34 + (12 + 0 - 3)
12
What is -6 - (7 - 8 - 2) - (-6 + 36)?
-33
Evaluate 12 + (-1 - -3) - (-19 + (8 - -9)).
16
Evaluate (21 + -21 - (16 - 2)) + 5.
-9
Calculate (-26 - -19 - (-2 - -9) - -5) + 6.
-3
Evaluate -40 - -52 - (-11 + 1 + 4 + -2).
20
1 + -3 + 13 + (-6 - -6) + -1
10
What is the value of -7 - (18 + -16 - 6)?
-3
What is the value of -38 + (-5 - 7) + 26?
-24
18 + -2 + -1 + -2 + (-10 - -4)
7
Evaluate -63 + 31 - -25 - 2.
-9
What is the value of -8 - (2 + (3 - -6) + -3)?
-16
What is the value of 13 - (-10 - (-8 + -3) - 9)?
21
Calculate 4 - -1 - (7 - (6 + 8)) - 8.
4
What is the value of -2 + (-12 - (1 + -14))?
-1
Calculate -14 + 10 + 9 - 2